y = -321 - -961. Suppose 0 = 3*t + 7*t - y. Let a(w) = w + t - 5*w - 66 + 5*w. Determine a(-4).
-6
Let f(q) = -q**2 + 1. Let o(v) = 2*v**2 - 5. Let i(u) = -f(u) - o(u). Let j be 7 + -1 - 4/(8/6). Suppose -11*g - a = -10*g - 2, j*g = -5*a + 16. What is i(g)?
-5
Let x(m) = m**2 - 15*m + 38. Suppose 156 = 10*j + 46. Determine x(j).
-6
Let a be 20/3*3 - 3. Let p(c) = 20*c**3 - 9*c**2 - 9*c + 17. Let i(y) = 7*y**3 - 3*y**2 - 3*y + 6. Let l(h) = a*i(h) - 6*p(h). Give l(3).
9
Let l(j) = j**2 + j - 1. Suppose -2*m + 6 = -4. Let c(h) = -6*h**2 + 5. Let q(v) = m*l(v) + c(v). Suppose 0 = 3*s + k - 15, -4*s - 139 = -2*k - 169. Give q(s).
-6
Let b be -5 - (-1 - -4 - (-2 + 21/2)). Let i(y) be the first derivative of 1/3*y**3 + 11 - 6*y - b*y**2. Give i(0).
-6
Let x(m) = m**3 + 5*m**2 - 37*m - 183. Let y = -4294 + 4289. What is x(y)?
2
Suppose -1729 = -121*q - 12*q. Let g(j) be the first derivative of 1/2*j**2 - q + 4*j. Give g(-2).
2
Let p(q) = -6 - 10 - 5 - q - 10 - 16. Determine p(-10).
-37
Let z(m) = -10*m + 9. Let s be z(0). Suppose s*x - 13 + 4 = 0. Let q(l) = -1. Let d(f) = 2*f - 3. Let y(n) = x*d(n) - 5*q(n). What is y(-2)?
-2
Let v be 2/(-154)*-7 - (-1)/(-11). Let b(u) = -u**3 - 2*u**2 - 2*u - 8. What is b(v)?
-8
Let g(y) = y**3 + 37*y**2 - 82*y - 155. Let l be g(-39). Let w(h) be the second derivative of 2*h**5/5 - h**3/3 + h**2/2 - 4*h - 5. Give w(l).
7
Let l(s) = -20*s - 6. Let b(a) = 76*a + 19. Let u(c) = b(c) + 4*l(c). Calculate u(-3).
7
Let q(v) = 5*v**3 + 12*v**2 - 4*v - 9. Let w(d) = -32*d**3 - 74*d**2 + 26*d + 56. Let r(b) = 13*q(b) + 2*w(b). What is r(-8)?
-5
Let g(u) = -57 + 0*u + 66 - 31 - 2*u. Determine g(-10).
-2
Let n = 81 + -87. Let i(f) be the third derivative of -f**5/60 - f**4/12 + 4*f**3/3 - 113*f**2. What is i(n)?
-16
Let y(k) = -3*k + 22. Let u(v) = v**3 + 22*v**2 + 41*v + 35. Let r be u(-20). Give y(r).
-23
Let r be -1 + (4 - 42/(-1)). Let a be ((-100)/2)/(0 - 1/(-1)). Let l = a + r. Let p(s) = -s**3 - 5*s**2 + 2*s + 5. What is p(l)?
-5
Let i(r) = -5*r**3 - r**2 - 2*r + 1. Let f be -7 + 6 - (0 + -1)*2. Calculate i(f).
-7
Let b(q) = -q + 2. Let x = -201 + 208. Suppose -6*i + w = -x*i - 1, i - 5*w - 29 = 0. Calculate b(i).
-2
Suppose 9*d + 9 = 10*d. Let f be 4/(3/(d/(-6))). Let r(z) = z**3 + 4*z**2. Calculate r(f).
8
Let y be (-1)/3 + 2/(-3). Let m(c) = -19*c + 29. Let s(o) = -40*o + 48. Let q(f) = 5*m(f) - 3*s(f). Determine q(y).
-24
Let p(g) be the second derivative of g**3/6 - 5*g**2 + 2710*g. Calculate p(18).
8
Let l = 2174 - 2135. Let z(b) = -b + 38. Determine z(l).
-1
Let g(h) be the second derivative of -h**3/3 + 2*h**2 - 23*h. Let u(r) = -r**2 - r + 12. Let t be u(0). Let j = t - 9. Calculate g(j).
-2
Let k(t) be the third derivative of 17*t**2 + 1/60*t**5 + 0*t + 0 - 1/2*t**3 + 1/4*t**4. Suppose n = -0*n - 2*g - 6, -3*g = 0. What is k(n)?
-3
Suppose 4*n + 16 = -0. Let x(i) be the third derivative of -i**6/120 - i**5/20 + i**4/6 + i**3/3 - 44*i**2 + 69*i. What is x(n)?
2
Let x(d) = 12*d + 4*d - 3*d - 208 + 8. Give x(15).
-5
Let j(c) = -c**3 - 10*c**2 + 4*c - 3. Let z(o) = o**2 + o + 1. Let k(h) = -j(h) - 3*z(h). Determine k(-8).
-8
Let j(s) = -s + 10. Let a = 430 - 424. Suppose x - a*x + 0*x = 0. Calculate j(x).
10
Let v = -112495/4 + 28124. Let z(d) be the first derivative of 2*d**3 - 18 - d**2 + v*d**4 + 3*d. Give z(-6).
15
Let q be 48/21 - (-6)/(-21). Let z(j) = -4*j**q + j**2 + 2*j**3 - 4*j - 2537 + 2538. Let i be 9*(2 - 5/3). What is z(i)?
16
Let b(t) = -t**2 + t + 7. Let p be b(0). Let o(c) = 5*c + 2 + 6 - p. Give o(-2).
-9
Let l(t) be the first derivative of t**3/3 + 3*t**2 + 117. Let m be 10*(2 - 1)*(-4)/8. Calculate l(m).
-5
Let f = 4029 + -4035. Let j(p) = 4*p + 12. What is j(f)?
-12
Let c be (-19 + 14)/(5/(-8)). Let b(j) = -j + 16. Calculate b(c).
8
Suppose -3*s + 22 = -t, 0 = -4*t - 83*s + 81*s - 32. Let x(i) = 19*i + 166. Give x(t).
-24
Let t be (-6)/(-4) + (-12)/(-2) + (-15)/(-30). Let m(n) be the first derivative of 9/2*n**2 - 1/3*n**3 + t*n + 15. Calculate m(10).
-2
Suppose -12 = 7*y - 10*y. Let t(j) = 1 + 19*j + 27*j - 41*j - 4. What is t(y)?
17
Suppose -2*i + 4*k - 12 = 0, k - 2 = -5*i + 1. Let z(c) = -c**3 - c**2 - c + 1. Let g be z(i). Let m(v) = g - 13*v + 3*v + 0 + 8*v - 4*v**2. Determine m(2).
-19
Let g(h) be the first derivative of h**7/420 - h**6/90 + h**5/40 - h**4/24 - 47*h**3/3 + 222. Let o(t) be the third derivative of g(t). Give o(2).
5
Let i(z) = 130*z + 2983. Let o be i(-23). Let g(n) = -n**2 - 11*n - 6. Calculate g(o).
22
Let d(j) = -16*j + 31. Let h(b) = 4*b - 8. Let r(u) = -6*d(u) - 22*h(u). Let n be r(1). Let t(x) = -8*x. Calculate t(n).
16
Let p = -2324 + 2318. Let r(c) = c - c - 1 + 3 + c. Calculate r(p).
-4
Suppose -m + 25 = 4*f, -m + f - 4 = 1. Let q(a) = 29*a - 4. What is q(m)?
25
Let l(k) = 5*k. Let r(t) = 11*t. Let z(j) = -9*l(j) + 4*r(j). Let s be z(0). Let x(f) = -87*f**2 + s*f + 9 - 10*f + 88*f**2. Give x(8).
-7
Let d(n) = n**2 - 70. Suppose 8*g = 9*g - 38*g + 259. Determine d(g).
-21
Let j(a) = 7*a + 46. Let y(i) = 4*i + 25. Let q(l) = 3*j(l) - 5*y(l). Calculate q(-11).
2
Suppose -69 = w - 3*c, w - 4*w = -c + 231. Let v = w + 80. Suppose 3*a - 5*o - 1 = 20, -2*o = 4*a - v. Let y(d) = -d**3 + d**2 + 2*d - 3. Give y(a).
-3
Let z(h) = -h**3 + h**2 - 3*h + 1. Let j(y) = y**3 - 23*y**2 + 22*y + 10. Let o be j(22). Suppose 0 = -4*p - 198 - o. Let m = p + 54. What is z(m)?
-9
Let p(a) = -a**2 + 5*a + 8. Let k be p(6). Let w(o) = -11 - 6*o**2 + 13 + 7*o + 3*o**2 + k*o**2. What is w(5)?
12
Let o(n) = -n**2 + 7*n. Let p be o(6). Let s(a) = -2*a**3 + 11*a**2 - 2*a + 16. Let b be s(5). Let k(v) = -6 - 13*v + b*v - 21*v. What is k(p)?
-24
Let l(j) = j**3 - 5*j**2 - 10*j - 14. Let x = 7019 + -7013. Determine l(x).
-38
Let s(l) = l**3 + 6*l**2 + 7*l + 11. Let q(m) = 9*m + 167. Let f(c) = -c. Let g(n) = -3*f(n) - q(n). Let y be g(-27). Give s(y).
1
Let s(x) = 37 - 9*x - 20 + 59 - 20 + 50. Give s(11).
7
Suppose 0 = 178*o - 168*o - 160. Suppose -10*n + o*n - 12 = 0. Let u(q) = -2*q**2 - 1. Calculate u(n).
-9
Let t(m) = -m**3 - 16*m**2 - 33*m + 85. Suppose -3*w - 23 = -4*x, 5*w - 106*x + 77 = -109*x. What is t(w)?
7
Suppose 0 = 4*d - 7*d + 711. Suppose 4*f + d = 249. Let g(t) be the second derivative of t**4/12 - 2*t**3/3 - 3*t**2/2 - t. Determine g(f).
-6
Let k(c) = c**2 + 3. Suppose 213 = -0*y + 4*y + 5*d, 5*d + 243 = 4*y. Suppose 0 = -58*j + y*j - 3. Let p be (1 + (-4 - j))/3. Calculate k(p).
3
Let d be (-44)/(-10) + -6*(-4)/40. Let j(x) = -5*x**2 + x**2 + 1395*x**3 - 1394*x**3 - 4*x - 3. Determine j(d).
2
Let b(c) = c**3 + c**2 - c + 18. Suppose -5 = -4*z - 4*a + 3, 5*z = -3*a + 10. Suppose -16*v = z*v. Determine b(v).
18
Let b(i) be the third derivative of i**6/120 + i**5/15 - i**4/12 - i**3/2 - 9483*i**2. Let k be 6/(-4)*(-16)/(-6). Determine b(k).
5
Let m be (-4)/(-2)*3/(-2). Let h(d) be the first derivative of -2*d**3/3 + 2*d**2 + 45141. Give h(m).
-30
Let u(x) be the first derivative of 7*x**2/2 + 67*x + 2307. Determine u(-20).
-73
Suppose -785*x - 17 = -802*x. Let y(i) = i. Let f(j) = -33*j**3 + j**2 + 5*j. Let o(q) = -f(q) + 5*y(q). Give o(x).
32
Let u(z) = z - 9. Suppose 5*q = -3*t - 2 + 59, 5*t - 39 = q. Give u(t).
0
Let b(s) be the third derivative of 0*s - 1/15*s**5 - 1/6*s**3 + 0 + 1/120*s**6 - 1/6*s**4 - 175*s**2. Give b(4).
-17
Suppose 6*n - 67 = -i + 11*n, 5*n = -5*i + 215. Suppose 0 = i*o - 38*o - 72. Let r(z) = -z**3 + 8*z**2 - 7. Give r(o).
-7
Let w(x) = -13*x + 80. Let r be w(6). Suppose 4*u + u = 10. Let y(o) = -13 - 2*o + 16 - u*o + 2*o**3 - o**2 - o**3. Calculate y(r).
-1
Suppose 2*f + 17 = -3*z, 13*f - 11*f - 3*z - 1 = 0. Let o(k) = -3*k + 2. Determine o(f).
14
Let k(z) = z + 10. Suppose 0 = 2*o, -3*x + 4*o + 90 = o. Let a = x - -7. Let l = a + -44. Determine k(l).
3
Suppose 11*y + 0 = 22. Let d(b) = y + 5 - 1 - 4*b + 5 + 2*b. What is d(10)?
-9
Suppose -666 = -5*h + 8*h. Let d = h + 218. Let a(q) = 2*q + 5. What is a(d)?
-3
Let r = -287 - -292. Suppose -r*h + 20 = 0, g - 5*h - 7 = -19. Let o(a) = 2 + 5 - a - 2. Give o(g).
-3
Let n(z) = 2*z + 5. Let f = 318 + -284. Suppose -3*k - v - f = 0, -17*k - 5*v - 1 = -15*k. Give n(k).
-21
Let u(c) be the first derivative of -c**2/2 + c - 6. Let l = 61 - 61. Suppose l = -2*s + 5*h + 28, -2*h = 3*s + s - 8. Give u(s).
-3
Le